common factor of 59876 and 16?
4
Calculate the greatest common factor of 174 and 11472.
6
Calculate the highest common divisor of 58512 and 22048.
848
What is the highest common divisor of 977715 and 45?
45
Calculate the highest common divisor of 203493 and 145.
29
Calculate the greatest common factor of 1478 and 1724087.
739
Calculate the highest common factor of 120 and 781880.
40
What is the greatest common divisor of 32500 and 2405?
65
What is the greatest common divisor of 27267 and 3129?
447
Calculate the greatest common factor of 110 and 634975.
55
What is the highest common factor of 1845 and 65805?
615
Calculate the greatest common divisor of 9964 and 2256.
188
What is the highest common divisor of 2792 and 584?
8
Calculate the greatest common divisor of 2849 and 7623.
77
Calculate the highest common factor of 295 and 5466055.
295
What is the greatest common factor of 123840 and 192?
192
What is the highest common divisor of 84518 and 42?
14
Calculate the highest common factor of 452221 and 196.
49
What is the highest common factor of 1040 and 104520?
520
Calculate the highest common divisor of 27 and 186759.
27
Calculate the highest common factor of 235 and 924490.
235
Calculate the highest common factor of 65 and 723385.
65
What is the greatest common factor of 82 and 357233?
41
What is the greatest common factor of 105 and 59675?
35
What is the highest common factor of 217 and 21343?
7
Calculate the greatest common factor of 1010641 and 188.
47
What is the greatest common factor of 830680 and 8360?
760
What is the highest common factor of 11952 and 28656?
144
What is the greatest common divisor of 28 and 907872?
28
What is the greatest common factor of 21020 and 20?
20
What is the highest common factor of 1037 and 1513?
17
Calculate the greatest common factor of 32 and 623.
1
What is the greatest common factor of 7 and 168343?
7
Calculate the highest common divisor of 203 and 19836.
29
Calculate the greatest common divisor of 2692280 and 120.
40
Calculate the highest common divisor of 423 and 7578.
9
Calculate the highest common factor of 7843 and 682.
341
What is the greatest common factor of 148 and 203167?
37
What is the greatest common divisor of 2619979 and 5036?
1259
Calculate the greatest common divisor of 1281322 and 266.
266
Calculate the greatest common divisor of 38437 and 24472.
133
Calculate the highest common factor of 20935 and 2765.
395
Calculate the highest common divisor of 3782 and 2356.
62
What is the highest common factor of 822 and 411?
411
What is the greatest common factor of 80 and 14748?
4
Calculate the greatest common factor of 226735 and 993.
331
Calculate the greatest common factor of 434804 and 5680.
284
What is the greatest common factor of 21330 and 1980?
90
What is the greatest common factor of 9344 and 15038?
146
What is the greatest common divisor of 840 and 714?
42
What is the greatest common divisor of 1341 and 144?
9
Calculate the greatest common divisor of 246991 and 13579.
367
What is the highest common factor of 939 and 113932?
313
Calculate the greatest common divisor of 585 and 1370850.
195
Calculate the greatest common divisor of 32280 and 59640.
120
What is the greatest common divisor of 645 and 1664315?
215
Calculate the highest common divisor of 3838 and 1615.
19
What is the highest common divisor of 5832 and 8?
8
What is the greatest common divisor of 12 and 207588?
12
Calculate the highest common factor of 4656 and 270824.
776
Calculate the greatest common divisor of 1029 and 82663.
343
Calculate the greatest common factor of 1622267 and 991.
991
What is the greatest common divisor of 13 and 53?
1
Calculate the highest common divisor of 615 and 385113.
123
What is the highest common factor of 270 and 3345?
15
What is the highest common factor of 2409453 and 27?
27
Calculate the greatest common factor of 4520 and 21920.
40
Calculate the highest common factor of 2244 and 81708.
132
What is the greatest common divisor of 1883 and 322?
7
What is the highest common factor of 2002 and 19448?
286
Calculate the highest common factor of 160 and 170080.
160
What is the highest common divisor of 37 and 942427?
37
What is the highest common factor of 4 and 3868?
4
What is the greatest common factor of 234 and 98046?
234
What is the greatest common factor of 2385 and 16230?
15
What is the highest common divisor of 756 and 1438164?
252
What is the greatest common divisor of 540 and 14472?
108
What is the highest common factor of 1470 and 5280?
30
What is the greatest common divisor of 728 and 377416?
104
Calculate the greatest common factor of 676827 and 19782.
1413
What is the highest common divisor of 11748 and 156?
12
Calculate the greatest common divisor of 858870 and 1350.
270
Calculate the highest common factor of 207 and 8947.
23
What is the greatest common divisor of 482068 and 988?
76
Calculate the highest common divisor of 98 and 6881.
7
Calculate the highest common factor of 19025 and 125.
25
Calculate the highest common divisor of 322 and 77119.
161
What is the highest common divisor of 38301 and 969?
51
What is the highest common factor of 73 and 7039463?
73
Calculate the greatest common divisor of 10441 and 106.
53
Calculate the highest common divisor of 994 and 17821.
71
Calculate the greatest common divisor of 451042 and 4796.
218
Calculate the greatest common divisor of 192 and 81456.
48
What is the greatest common divisor of 403 and 223379?
13
Calculate the highest common divisor of 15707 and 2363.
139
What is the highest common divisor of 200 and 125900?
100
What is the highest common factor of 7455 and 5112?
213
Calculate the greatest common factor of 640 and 1510.
10
What is the highest common factor of 993 and 107575?
331
Calculate the greatest common divisor of 634124 and 188.
188
What is the highest common divisor of 5338 and 8321?
157
Calculate the greatest common divisor of 10560119 and 62.
31
Calculate the highest common divisor of 16854 and 42.
6
Calculate the highest common divisor of 4910 and 1030.
10
What is the highest common divisor of 1235 and 221?
13
What is the highest common factor of 67 and 1588?
1
Calculate the highest common factor of 33050 and 1225.
25
Calculate the greatest common factor of 12366 and 2754.
54
Calculate the greatest common divisor of 3752 and 232.
8
Calculate the greatest common divisor of 644 and 176134.
322
What is the highest common factor of 604 and 284?
4
Calculate the highest common divisor of 9 and 106077.
3
Calculate the greatest common divisor of 273137 and 71.
71
What is the highest common factor of 884 and 5372?
68
What is the greatest common divisor of 98271 and 21?
3
Calculate the highest common divisor of 21 and 424221.
21
What is the greatest common factor of 8943 and 8844?
33
What is the greatest common factor of 13482 and 414?
18
What is the highest common factor of 16 and 133744?
16
Calculate the greatest common factor of 32244 and 144.
12
What is the greatest common divisor of 123134 and 957?
319
Calculate the greatest common divisor of 4945 and 667.
23
Calculate the greatest common divisor of 57086 and 876.
146
What is the highest common divisor of 490 and 1880?
10
What is the highest common factor of 2029650 and 420?
210
What is the highest common factor of 122124 and 100?
4
What is the highest common divisor of 12 and 1400348?
4
What is the highest common factor of 38 and 169860?
38
Calculate the highest common divisor of 11067 and 217889.
119
Calculate the highest common divisor of 127190 and 6320.
790
Calculate the greatest common divisor of 7 and 160846.
7
What is the greatest common divisor of 40675 and 100?
25
What is the greatest common divisor of 44 and 1796?
4
What is the greatest common factor of 3655 and 9245?
215
What is the greatest common factor of 17 and 2518584?
17
What is the highest common factor of 4344 and 1303924?
724
What is the highest common factor of 184 and 7300844?
92
Calculate the highest common factor of 175497 and 17507.
427
Calculate the greatest common divisor of 31 and 131223.
31
What is the highest common factor of 48 and 141024?
48
Calculate the greatest common factor of 1317 and 21511.
439
What is the greatest common factor of 852 and 1572?
12
Calculate the highest common factor 